4951094.
2, 2475547
List the prime factors of 715636493.
11, 13, 5004451
List the prime factors of 75127799.
6257, 12007
What are the prime factors of 1880185553?
5399, 348247
List the prime factors of 160740926.
2, 179, 448997
List the prime factors of 204546011.
204546011
List the prime factors of 64382787.
3, 7, 541, 1889
List the prime factors of 50750571.
3, 16916857
List the prime factors of 576129896.
2, 3637, 19801
What are the prime factors of 180125555?
5, 479, 75209
List the prime factors of 60887482.
2, 97, 313853
What are the prime factors of 37966826?
2, 19, 229, 4363
What are the prime factors of 1141248?
2, 3, 743
What are the prime factors of 606714563?
7, 13, 43, 11927
List the prime factors of 11461879.
11, 13, 80153
What are the prime factors of 69199632?
2, 3, 480553
List the prime factors of 40376077.
7, 5768011
What are the prime factors of 54934977?
3, 53, 107, 3229
List the prime factors of 832750522.
2, 53, 148229
List the prime factors of 426991794.
2, 3, 41, 1735739
What are the prime factors of 45965351?
19, 2419229
What are the prime factors of 19355808?
2, 3, 201623
What are the prime factors of 6303670857?
3, 11, 7074827
List the prime factors of 53300962.
2, 11, 13, 227, 821
List the prime factors of 50810413.
1049, 48437
List the prime factors of 1557462826.
2, 1559, 499507
What are the prime factors of 402813324?
2, 3, 138139
What are the prime factors of 20918499?
3, 7, 996119
What are the prime factors of 391408663?
17, 443, 51973
What are the prime factors of 28274360?
2, 5, 23, 73, 421
List the prime factors of 355376437.
13, 19, 1438771
List the prime factors of 2376488.
2, 297061
List the prime factors of 391057317.
3, 7, 6207259
What are the prime factors of 1789991352?
2, 3, 8286997
What are the prime factors of 120274645?
5, 47, 103, 4969
List the prime factors of 257678129.
17, 3539, 4283
List the prime factors of 68589516.
2, 3, 5715793
What are the prime factors of 369106716?
2, 3, 11, 139, 20117
List the prime factors of 3411201944.
2, 23, 107, 173263
What are the prime factors of 1353018506?
2, 7, 103, 938293
List the prime factors of 152910673.
5927, 25799
What are the prime factors of 398724558?
2, 3, 139, 478087
What are the prime factors of 212679050?
2, 5, 463, 9187
What are the prime factors of 822464537?
822464537
What are the prime factors of 2449654167?
3, 816551389
What are the prime factors of 54956142?
2, 3, 3053119
What are the prime factors of 38241735?
3, 5, 7, 59, 6173
List the prime factors of 3422338965.
3, 5, 97, 261347
List the prime factors of 98045988.
2, 3, 1091, 7489
List the prime factors of 8186705322.
2, 3, 37, 36877051
List the prime factors of 7026609462.
2, 3, 29, 1039, 38867
What are the prime factors of 118691779?
47, 53731
What are the prime factors of 2028828530?
2, 5, 317, 640009
What are the prime factors of 341075156?
2, 19, 61, 73571
What are the prime factors of 347125976?
2, 107, 405521
List the prime factors of 718885662.
2, 3, 11, 821, 13267
List the prime factors of 54734885.
5, 757, 14461
List the prime factors of 77640265.
5, 41, 378733
List the prime factors of 576751379.
173, 3333823
What are the prime factors of 49362884?
2, 37, 333533
What are the prime factors of 5075876090?
2, 5, 29, 43, 407047
What are the prime factors of 23731827?
3, 7, 23063
List the prime factors of 15676072.
2, 347, 5647
List the prime factors of 3608752373.
29, 293, 424709
What are the prime factors of 337857092?
2, 157, 239, 2251
What are the prime factors of 5222303468?
2, 1305575867
List the prime factors of 36537697.
7, 59, 88469
List the prime factors of 3688460429.
53, 69593593
What are the prime factors of 261077395?
5, 52215479
List the prime factors of 87962436.
2, 3, 271489
List the prime factors of 1815237822.
2, 3, 109, 2775593
What are the prime factors of 29311931?
11, 2664721
What are the prime factors of 4189223?
4189223
List the prime factors of 1317292750.
2, 5, 103, 51157
What are the prime factors of 8021526?
2, 3, 23, 37, 1571
What are the prime factors of 57375335?
5, 11475067
What are the prime factors of 186875615?
5, 53, 705191
List the prime factors of 219341655.
3, 5, 13, 124981
List the prime factors of 99657409.
199, 500791
What are the prime factors of 298745136?
2, 3, 79, 26261
List the prime factors of 145716357.
3, 67, 199, 3643
What are the prime factors of 205989755?
5, 29, 509, 2791
List the prime factors of 3773572521.
3, 1257857507
What are the prime factors of 11185016?
2, 1398127
List the prime factors of 45964556.
2, 11, 311, 3359
List the prime factors of 1518502617.
3, 3049, 55337
List the prime factors of 50950946.
2, 41, 621353
List the prime factors of 413043453.
3, 23, 367, 5437
List the prime factors of 221221310.
2, 5, 101, 219031
List the prime factors of 49818310.
2, 5, 113, 44087
List the prime factors of 298118595.
3, 5, 19874573
What are the prime factors of 4410477865?
5, 73, 2423, 4987
List the prime factors of 299114652.
2, 3, 24926221
What are the prime factors of 111409676?
2, 7, 3978917
List the prime factors of 59485387.
13, 4575799
What are the prime factors of 21539573?
11, 16183
List the prime factors of 281341793.
7151, 39343
List the prime factors of 734046930.
2, 3, 5, 8156077
What are the prime factors of 6792045075?
3, 5, 10062289
What are the prime factors of 24398307?
3, 903641
List the prime factors of 2635568683.
11, 41, 53, 110261
What are the prime factors of 54968242?
2, 7, 17, 230959
What are the prime factors of 1200268975?
5, 2393, 20063
What are the prime factors of 2136519690?
2, 3, 5, 31, 2297333
What are the prime factors of 201114096?
2, 3, 43, 139, 701
List the prime factors of 13468532.
2, 7, 11, 6247
What are the prime factors of 494870498?
2, 247435249
What are the prime factors of 2123475887?
13, 1933, 84503
What are the prime factors of 598615726?
2, 9199, 32537
What are the prime factors of 9465318?
2, 3, 691, 761
What are the prime factors of 1191364861?
1171, 1017391
What are the prime factors of 1553066504?
2, 11, 1579, 11177
What are the prime factors of 295529267?
11, 2521, 10657
What are the prime factors of 567685696?
2, 251, 35339
List the prime factors of 1345581498.
2, 3, 29, 266663
List the prime factors of 7998826635.
3, 5, 269, 660787
List the prime factors of 7866822975.
3, 5, 11, 397, 24019
List the prime factors of 2692973875.
5, 31, 59, 11779
What are the prime factors of 1272339756?
2, 3, 523, 67577
List the prime factors of 28146281.
28146281
What are the prime factors of 101330736?
2, 3, 13, 162389
List the prime factors of 13507661.
31, 435731
What are the prime factors of 94446716?
2, 7, 13, 101, 367
What are the prime factors of 3634427313?
3, 11, 453227
What are the prime factors of 2111533482?
2, 3, 351922247
List the prime factors of 216346855.
5, 23, 1881277
List the prime factors of 110418208.
2, 3450569
List the prime factors of 1875556486.
2, 2467, 380129
What are the prime factors of 358073060?
2, 5, 17903653
What are the prime factors of 40431568?
2, 29, 79, 1103
List the prime factors of 130269488.
2, 127, 64109
List the prime factors of 124752763.
124752763
What are the prime factors of 101702030?
2, 5, 10170203
List the prime factors of 243945273.
3, 11, 13, 53, 10729
List the prime factors of 370231534.
2, 185115767
What are the prime factors of 328880213?
29, 2383, 4759
List the prime factors of 196339615.
5, 23, 1707301
List the prime factors of 368770682.
2, 7, 26340763
What are the prime factors of 139639743?
3, 607, 25561
What are the prime factors of 8393460814?
2, 15271, 274817
List the prime factors of 90244878.
2, 3, 15040813
What are the prime factors of 763600478?
2, 2971, 128509
List the prime factors of 132738920.
2, 5, 1307, 2539
What are the prime factors of 786894388?
2, 7, 61, 460711
List the prime factors of 2018503727.
1021, 1976987
List the prime factors of 1226231127.
3, 11, 79, 83, 1889
What are the prime factors of 1588656520?
2, 5, 11, 41, 83, 1061
List the prime factors of 1693105514.
2, 17, 719, 69259
List the prime factors of 3499646191.
1447, 2418553
List the prime factors of 64201537.
17, 43, 71, 1237
List the prime factors of 1347989609.
1347989609
What are the prime factors of 20030596?
2, 317, 15797
What are th